ainder when 278919 is divided by 69371.
1435
What is the remainder when 88976 is divided by 44456?
64
Calculate the remainder when 5595474 is divided by 88.
82
Calculate the remainder when 2547899 is divided by 14718.
1685
What is the remainder when 28322933 is divided by 618?
611
What is the remainder when 389517 is divided by 666?
573
Calculate the remainder when 802385 is divided by 66837.
341
What is the remainder when 929626 is divided by 441?
439
Calculate the remainder when 3334017 is divided by 833349.
621
What is the remainder when 3028365457 is divided by 1731?
1729
What is the remainder when 8765895 is divided by 7075?
7045
What is the remainder when 1451390 is divided by 982?
976
What is the remainder when 3934647 is divided by 175?
122
Calculate the remainder when 43972483 is divided by 258.
253
Calculate the remainder when 35482 is divided by 2904.
634
Calculate the remainder when 3496872 is divided by 1386.
1380
Calculate the remainder when 1163287194 is divided by 707.
706
What is the remainder when 687024 is divided by 324?
144
What is the remainder when 1271698 is divided by 303?
7
Calculate the remainder when 391392 is divided by 4507.
3790
What is the remainder when 64768546 is divided by 16192104?
130
Calculate the remainder when 470179 is divided by 235082.
15
Calculate the remainder when 199394 is divided by 28483.
13
What is the remainder when 15801 is divided by 1966?
73
Calculate the remainder when 110073 is divided by 17919.
2559
What is the remainder when 7219 is divided by 753?
442
Calculate the remainder when 1943168 is divided by 55517.
73
Calculate the remainder when 10935158 is divided by 9932.
26
What is the remainder when 18814816 is divided by 697?
695
Calculate the remainder when 603488 is divided by 25097.
1160
Calculate the remainder when 8037301 is divided by 3721.
3662
Calculate the remainder when 2000714 is divided by 2000390.
324
Calculate the remainder when 4498093 is divided by 2249043.
7
Calculate the remainder when 51462993 is divided by 25731485.
23
What is the remainder when 95249571 is divided by 1351?
18
Calculate the remainder when 349903 is divided by 368.
303
Calculate the remainder when 2768582 is divided by 2461.
2418
Calculate the remainder when 9920 is divided by 927.
650
Calculate the remainder when 3297610 is divided by 1648767.
76
Calculate the remainder when 42265 is divided by 8.
1
Calculate the remainder when 1732791 is divided by 738.
705
What is the remainder when 32002 is divided by 86?
10
What is the remainder when 46160830 is divided by 1661?
1640
What is the remainder when 1148049 is divided by 968?
1
Calculate the remainder when 8222191 is divided by 40.
31
Calculate the remainder when 19304325 is divided by 441.
432
What is the remainder when 41967298 is divided by 2572?
2546
What is the remainder when 26357369 is divided by 5271460?
69
Calculate the remainder when 360789 is divided by 161.
149
What is the remainder when 5839588 is divided by 307346?
14
What is the remainder when 26033591 is divided by 257?
5
What is the remainder when 44574565 is divided by 74?
73
Calculate the remainder when 8749276 is divided by 564.
508
Calculate the remainder when 18731 is divided by 622.
71
Calculate the remainder when 38889 is divided by 4308.
117
What is the remainder when 27590101 is divided by 27?
16
What is the remainder when 24518426 is divided by 24518409?
17
What is the remainder when 221930 is divided by 17068?
46
What is the remainder when 371639 is divided by 25586?
13435
What is the remainder when 9455938 is divided by 2363969?
62
Calculate the remainder when 20496937 is divided by 5124200.
137
What is the remainder when 20273683 is divided by 3781?
3742
What is the remainder when 153808 is divided by 20?
8
Calculate the remainder when 58546 is divided by 5283.
433
Calculate the remainder when 115064 is divided by 14376.
56
What is the remainder when 7959 is divided by 4431?
3528
What is the remainder when 15602508 is divided by 159?
156
What is the remainder when 748940554 is divided by 374470275?
4
Calculate the remainder when 6979991 is divided by 3245.
3241
What is the remainder when 11428 is divided by 7060?
4368
Calculate the remainder when 4020130 is divided by 804014.
60
Calculate the remainder when 3304219 is divided by 498.
487
What is the remainder when 64121738 is divided by 103925?
13
Calculate the remainder when 60506566 is divided by 2238.
2236
Calculate the remainder when 278127 is divided by 98.
3
Calculate the remainder when 4251718 is divided by 49.
37
What is the remainder when 116432392 is divided by 334?
326
What is the remainder when 182598 is divided by 15206?
126
Calculate the remainder when 2160921 is divided by 244.
57
Calculate the remainder when 3664799 is divided by 12.
11
What is the remainder when 1411990 is divided by 12714?
736
What is the remainder when 4841685 is divided by 678?
87
What is the remainder when 1535891 is divided by 469?
385
What is the remainder when 854947471 is divided by 18?
13
Calculate the remainder when 86339 is divided by 399.
155
What is the remainder when 20626 is divided by 10130?
366
Calculate the remainder when 34641 is divided by 8497.
653
Calculate the remainder when 294101916 is divided by 1643.
1630
What is the remainder when 5524892 is divided by 43503?
11
Calculate the remainder when 5505 is divided by 1214.
649
Calculate the remainder when 72691341 is divided by 54.
51
Calculate the remainder when 3751969 is divided by 197470.
39
Calculate the remainder when 328391 is divided by 25253.
102
What is the remainder when 291324 is divided by 814?
726
Calculate the remainder when 11478 is divided by 1591.
341
Calculate the remainder when 2871567 is divided by 74.
71
Calculate the remainder when 29420462 is divided by 56906.
60
What is the remainder when 6083489 is divided by 66851?
48
What is the remainder when 337269 is divided by 3225?
1869
Calculate the remainder when 1993777 is divided by 7170.
517
What is the remainder when 94033 is divided by 276?
193
Calculate the remainder when 17398 is divided by 589.
317
What is the remainder when 245396 is divided by 18738?
1802
Calculate the remainder when 36665 is divided by 7258.
375
Calculate the remainder when 656072 is divided by 204.
8
Calculate the remainder when 895348 is divided by 111912.
52
What is the remainder when 74778 is divided by 36624?
1530
Calculate the remainder when 265411 is divided by 13270.
11
Calculate the remainder when 14681637 is divided by 63.
54
What is the remainder when 245466 is divided by 383?
346
What is the remainder when 109433 is divided by 109083?
350
Calculate the remainder when 6433151 is divided by 3216153.
845
What is the remainder when 59772 is divided by 57096?
2676
Calculate the remainder when 23794118 is divided by 224472.
86
Calculate the remainder when 287486 is divided by 143715.
56
What is the remainder when 181294 is divided by 90473?
348
Calculate the remainder when 69644855 is divided by 126.
119
What is the remainder when 16191545 is divided by 3238303?
30
Calculate the remainder when 230551 is divided by 5763.
31
What is the remainder when 21139377 is divided by 1765?
1737
What is the remainder when 4671749 is divided by 64883?
173
What is the remainder when 7221424 is divided by 396?
364
Calculate the remainder when 14596610 is divided by 2505.
2480
What is the remainder when 21371 is divided by 1325?
171
Calculate the remainder when 2596167 is divided by 7547.
7546
Calculate the remainder when 14230692 is divided by 19.
15
Calculate the remainder when 192787 is divided by 6883.
63
What is the remainder when 18398 is divided by 15595?
2803
What is the remainder when 57140 is divided by 53182?
3958
What is the remainder when 665650 is divided by 3012?
3010
Calculate the remainder when 1012573 is divided by 6983.
38
Calculate the remainder when 217285 is divided by 216.
205
What is the remainder when 152118 is divided by 10859?
92
What is the remainder when 504463 is divided by 1011?
985
Calculate the remainder when 8435952 is divided by 69.
12
What is the remainder when 3493141 is divided by 1392?
613
Calculate the remainder when 484010 is divided by 53.
14
Calculate the remainder when 5633163 is divide